 x(h) = h**3 + 15*h**2 + h + 14. Calculate x(-15).
-1
Let b(k) = 4*k**2 - 2*k + 2. Calculate b(2).
14
Let o(p) = -9*p + 39. Give o(4).
3
Let n(a) = 13*a + 2. What is n(-3)?
-37
Let j(d) = d**2 + 5*d + 3. Calculate j(-3).
-3
Let w(h) = -3*h**2 + 21*h - 8. What is w(6)?
10
Let k(d) = d**2 + 5*d + 5. Determine k(6).
71
Let m(f) = f**3 - 16*f + 1. Determine m(-4).
1
Let h(p) = -p**3 - 16*p**2 + 16. What is h(-16)?
16
Let g(h) = 13*h - 1. What is g(4)?
51
Let z(d) = -d**2 + 20*d - 37. Determine z(19).
-18
Let j(q) = 3*q - 36. Determine j(11).
-3
Let n(w) = -w**3 - 15*w**2 - 10. Give n(-15).
-10
Let h(b) = b**3 - 15*b**2 - 17*b + 17. Give h(16).
1
Let s(u) = 2*u + 24. Determine s(0).
24
Let o(x) = x**3 - 8*x**2 - 21*x + 15. Determine o(10).
5
Let i(o) = o**2 - o + 41. Give i(0).
41
Let q(r) = -r**2 + 4*r + 3. Determine q(6).
-9
Let k(c) = -23*c + 14. What is k(4)?
-78
Let w(i) = i**3 - 3*i**2 - 8*i + 6. Determine w(4).
-10
Let k(r) = -67*r + 406. Give k(6).
4
Let d(k) = -k - 19. Calculate d(-8).
-11
Let l(k) = -2*k**2 - 4*k - 5. Give l(-4).
-21
Let z(k) = 2*k - 11. Determine z(6).
1
Let z(g) = g**3 + 10*g**2 - 2*g - 2. What is z(-10)?
18
Let y(j) = j**2 - 25. Calculate y(0).
-25
Let g(r) = -10*r**2 - 53*r + 37. Calculate g(-6).
-5
Let y(u) = 7*u - 1. What is y(2)?
13
Let d(f) = 20*f - 7. Determine d(1).
13
Let q(w) = -w**3 - 2*w**2 + 2*w + 1. Determine q(2).
-11
Let h(w) = -w**3 - 2*w**2 + 6*w + 10. What is h(-4)?
18
Let b(r) = -r**3 + 5*r**2 - r + 13. What is b(6)?
-29
Let q(k) = 4*k + 3. Give q(-5).
-17
Let s(w) = 45*w + 464. Calculate s(-10).
14
Let m(x) = 2*x + 2. What is m(0)?
2
Let a(f) = f**2 + 14*f + 15. Determine a(-11).
-18
Let u(r) = -r**3 - 8*r**2 + 13*r + 10. Determine u(-9).
-26
Let w(r) = 5*r**2 + 1. What is w(1)?
6
Let o(q) = 10*q + 17. Give o(-5).
-33
Let s(u) = u**3 + 2*u**2 - 34*u - 1. Calculate s(-7).
-8
Let c(y) = y**3 - 7*y**2 + 6*y + 1. What is c(6)?
1
Let d(j) = 3*j**2 + 6*j. What is d(-5)?
45
Let z(l) = l**2 - 8*l + 21. Calculate z(10).
41
Let x(r) = -4*r + 66. Determine x(10).
26
Let h(o) = -2*o**2 + 30*o - 30. Determine h(14).
-2
Let c(h) = 9*h + 147. Calculate c(-17).
-6
Let c(t) = -t**3 - 15*t**2 - 13*t + 20. What is c(-14)?
6
Let g(y) = y**2 + 10*y + 8. What is g(-7)?
-13
Let j(n) = -5*n - 3. Give j(7).
-38
Let r(k) = 5*k + 8. Determine r(-6).
-22
Let t(n) = n + 2. Give t(-7).
-5
Let k(w) = -14*w - 1. Give k(-2).
27
Let o(m) = m**3 - 4*m**2 + 5*m - 2. Give o(2).
0
Let y(n) = n + 28. Determine y(-29).
-1
Let f(l) = 16*l - 44. Give f(4).
20
Let d(i) = -9*i + 14. Determine d(7).
-49
Let t(r) = -6*r + 60. What is t(10)?
0
Let s(u) = u**3 + 2*u**2 + 20. Determine s(-4).
-12
Let f(p) = 8*p + 1. Determine f(-3).
-23
Let c(j) = 2*j - 13. What is c(8)?
3
Let d(o) = -o**2 + 5*o - 30. Determine d(12).
-114
Let a(u) = 8*u**3 + 3*u**2 + 2*u + 1. Give a(-2).
-55
Let i(a) = a**3 - 7*a**2 + 2*a + 10. Give i(7).
24
Let s(f) = -6*f + 3. What is s(4)?
-21
Let f(i) = 10*i + 525. What is f(-53)?
-5
Let p(b) = b**2 + 23*b - 15. What is p(-24)?
9
Let s(q) = -q**2 + 4*q + 13. Calculate s(3).
16
Let l(c) = -c**2 - 15*c - 67. Calculate l(-10).
-17
Let v(f) = f**3 - 5*f**2 + 8*f - 10. Determine v(4).
6
Let o(z) = -3*z**2 + 13. What is o(3)?
-14
Let h(u) = 76*u + 96. Give h(-2).
-56
Let u(o) = o**3 + 16*o**2 + 15*o - 6. Calculate u(-15).
-6
Let i(o) = -100*o - 11. What is i(0)?
-11
Let v(s) = -s**3 + 8*s**2 - 4*s - 11. What is v(8)?
-43
Let m(w) = 34*w - 28. Calculate m(0).
-28
Let l(m) = -9*m + 118. Calculate l(14).
-8
Let g(w) = -w**3 - 8*w**2 + 12*w + 17. Give g(-9).
-10
Let s(b) = -8*b + 74. Determine s(7).
18
Let b(f) = f**3 + 14*f**2 - 4*f - 48. Calculate b(-14).
8
Let m(s) = -4*s + 3. Give m(-4).
19
Let b(o) = -o**2 - 9*o - 24. Calculate b(-5).
-4
Let i(b) = 2*b + 18. Determine i(9).
36
Let n(p) = p**3 + p**2 + 4. What is n(0)?
4
Let j(b) = -7*b + 104. Calculate j(-7).
153
Let t(h) = -4*h - 2. Determine t(-4).
14
Let t(p) = -45*p - 492. Give t(-11).
3
Let f(t) = -4*t**2 + 5*t + 4. Give f(-1).
-5
Let u(q) = 3*q**2 + 20*q - 7. What is u(-7)?
0
Let f(g) = 54*g - 1. Determine f(-1).
-55
Let d(i) = i**2 - 8*i + 8. Give d(8).
8
Let n(j) = 5*j + 2. Give n(-3).
-13
Let k(g) = -g**3 + 5*g**2 + 4*g + 7. Give k(5).
27
Let j(g) = g - 5. Give j(5).
0
Let c(y) = -y + 28. Give c(0).
28
Let a(k) = -k**2 - 9*k - 18. Calculate a(-7).
-4
Let r(n) = n**2 - 27*n + 138. Give r(7).
-2
Let m(r) = -r**3 + 9*r**2 - 7*r + 7. Calculate m(8).
15
Let d(b) = -b**3 + 6*b**2 + 24*b - 12. What is d(9)?
-39
Let s(z) = 3*z - 17. What is s(7)?
4
Let i(y) = 2*y**2 - 5*y - 4. Calculate i(4).
8
Let x(t) = 2*t**3 - 4*t**2 - 4*t + 2. What is x(3)?
8
Let h(k) = -k**2 + 4*k + 33. Determine h(13).
-84
Let m(a) = -a**3 + 9*a**2 - 9*a + 4. Determine m(7).
39
Let l(k) = -k**3 - k**2 - 2*k - 2. Give l(-1).
0
Let q(a) = -61*a + 5. Determine q(-1).
66
Let k(x) = -x**2 - x + 6. What is k(0)?
6
Let k(v) = -v**3 + 2*v - 103. Give k(0).
-103
Let p(w) = 4*w**3 - 2*w**2 + 2*w + 1. Give p(-2).
-43
Let x(v) = -2*v**3 - 30*v**2 - 28*v - 10. Calculate x(-14).
-10
Let y(b) = b**2 - 5*b + 16. Give y(6).
22
Let m(d) = -d**2 - 4*d + 6. What is m(-4)?
6
Let h(p) = -3*p**2 + 49*p - 19. What is h(16)?
-3
Let u(d) = -d**3 + 20*d**2 - 33*d - 1. Calculate u(2).
5
Let a(v) = -4*v + 14. Give a(-9).
50
Let m(k) = k**2 - 20*k + 20. Determine m(17).
-31
Let o(h) = -3*h**2 + 9*h - 25. Calculate o(3).
-25
Let z(l) = -l**2 + 20*l - 118. Determine z(11).
-19
Let j(u) = u - 18. Calculate j(-7).
-25
Let v(g) = g**2 - 6*g - 59. Give v(11).
-4
Let t(c) = -7*c**2 - 168*c - 7. What is t(-24)?
-7
Let q(z) = -784*z - 1571. Determine q(-2).
-3
Let y(a) = -a**3 + 6*a**2 + 7*a - 7. Calculate y(6).
35
Let l(a) = 2*a - 20. Give l(14).
8
Let v(t) = t**3 - 4*t**2 + 2*t - 4. Give v(3).
-7
Let p(j) = -6*j**3 + 2*j**2 - 1. Calculate p(1).
-5
Let s(w) = 214*w - 862. Determine s(4).
-6
Let j(i) = -i**3 - 3*i**2 - 5. What is j(-4)?
11
Let h(q) = -8*q + 24. Give h(5).
-16
Let a(q) = q**3 - 6*q**2 + 7*q - 6. What is a(5)?
4
Let w(p) = -p - 15. Calculate w(-6).
-9
Let z(b) = 3*b - 47. Determine z(14).
-5
Let h(a) = -39*a**2 - a + 1. Determine h(-1).
-37
Let x(i) = -2*i - 20. What is x(-15)?
10
Let n(b) = -7*b**2 - 110*b - 66. What is n(-15)?
9
Let l(r) = -9*r + 23. Give l(5).
-22
Let h(i) = 4*i**2 - 3*i + 6. Determine h(2).
16
Let s(z) = z**3 - 4*z**2 - 8*z + 12. What is s(5)?
-3
Let y(i) = -i**2 - 16*i + 220. What is y(-25)?
-5
Let t(q) = q**3 + 4*q**2 - 2*q - 12. What is t(-3)?
3
Let f(v) = v. Give f(5).
5
Let f(u) = u**2 - 11*u + 6. What is f(8)?
-18
Let r(g) = -g**3 - 5*g**2 + 5*g - 4. Calculate r(-6).
2
Let p(w) = w**2 + 13*w - 165. Determine p(8).
3
Let b(z) = -z**3 - 8*z**2 + 8*z + 3. Calculate b(-8).
-61
Let b(v) = v - 10. Give b(-3).
-13
Let r(o) = -8*o**3 + o**2 + o + 1. Give r(-1).
9
Let p(b) = 2*b + 12. What is p(-5)?
2
Let t(d) = -d - 8. Determine t(-7).
-1
Let v(f) = f**3 - 15*f**2 + 32*f + 60. Calculate v(12).
12
Let z(w) = -5*w - 38. Calculate z(-7).
-3
Let o(j) = j**3 - 6*j**2 - 8*j - 15. Calculate o(7).
-22
Let a(z) = -z**3 + 6*z**2 + 3*z + 3. Give a(6).
21
Let v(k) = 9*k**2 - 10*k + 23. Determine v(2).
39
Let u(g) = -g**2 - 28*g - 19. What is u(-8)?
141
Let t(r) = -r**2 + 9*r + 41. Give t(15).
-49
Let x(a) = -2*a**3 + 13*a**2 - 6*a - 1. Calculate x(6).
-1
Let u(f) = -7*f + 5. Determine u(9).
-58
Let u(c) = c**2 + 8*c - 13. Calculate u(-10).
7
Let b(k) = -7*k + 45. Determine b(10).
-25
Let x(n) = -3*n**3 + 3*n**2 + n - 2. Calculate x(2).
-12
Let j(n) = 3*n + 14. What is j(-6)?
-4
Let c(y) = 4*y**2 + 2*y + 4. What is c(-2)?
16
Let o(x) = -2*x**2 + x - 6. Calculate o(0).
-6
Let j(n) = n**3 + 15*n**2 + 15*n - 12. Give j(-14).
-26
Let d(x) = -58*x**2 - 1. Give d(1).
-59
Let t(u) = 37*u**3 - u**2 - 3*u - 1. Give t(-1).
-36
Let f(r) = 2*r - 4. Give f(-8).
-20
Let c(u) = u**3 + 26*u**2 - 27*u - 13. Determine c(-27).
-13
Let s(y) = 7*y**3 - y + 2. Give s(1).
8
Let q(w) = w**2 - 13*w + 59. Determine q(8).
19
Let i(s) = -2*s**2 - 16*s - 22. Give i(-5).
8
Let o(l) = -3*l**3 - 136*l**2 - 47*l - 66. What is o(-45)?
24
Let l(q) = -2*q**3 + 10*q**2 + q - 7. Determine l(4).
29
Let h(g) = 2*g + 13. What is h(0)?
13
Let h(j) = 4*j - 16. Calculate h(6).
8
Let z(i) = i**2 + 7*i + 10. Determine z(-7).
10
Let u(d) = 2*d - 21. Calculate u(16)